e factors of d?
2, 37
Let z = -141 + 258. List the prime factors of z.
3, 13
Suppose 0 = 7*b + 4*b - 1232. What are the prime factors of b?
2, 7
Let k be 1/(-6) + (-76)/(-24). Let z(w) = -w**2 - 1 + k*w + 6*w**3 - 5*w**3 + 0. What are the prime factors of z(2)?
3
Let b(r) = -28*r + 1. Let v be b(-1). Let d = -18 + v. What are the prime factors of d?
11
Suppose -2*g = i - 4*i + 8, 3*g = -2*i + 14. Suppose v + i*m - 55 + 15 = 0, -3*m = -v + 26. List the prime factors of v.
2
Suppose -4*b - 2*m = -362, -b - 3*m + 91 = -2*m. List the prime factors of b.
2, 3, 5
Suppose 5*f - 27 = l + 17, -f + 2*l + 16 = 0. List the prime factors of f.
2
Let s = -4 - -6. Suppose 5*z - c - 3 = s*c, -25 = -3*z - 4*c. Suppose 0 = z*w - q - 10, -5*w + 2*q + 14 = -2. List the prime factors of w.
2
Let n = -9 + 13. Suppose 3*l = -n*o, 2*l + 5*o = 3*o + 2. What are the prime factors of l?
2
Let l(y) = 4*y**2 - 2*y - 8. What are the prime factors of l(5)?
2, 41
Suppose -2*w + 236 = 2*w. List the prime factors of w.
59
Let k = 2 + 1. Suppose 17 = 2*l + k. Suppose 3*h - 9 = 4*t, 2*h + t + 1 - l = 0. What are the prime factors of h?
3
Let x(l) = -l**3 - 3*l**2 - l + 2. Let g be x(-2). Suppose g*z - 5*z = -30. List the prime factors of z.
2, 3
Let s be (-27)/21 - 6/(-21). List the prime factors of (-15)/((-3)/((-3)/s)).
3, 5
List the prime factors of 3/(3*(-4)/(-60)).
3, 5
What are the prime factors of (-420)/45*(-9)/2?
2, 3, 7
Let c(v) = 32*v**3. Let u be c(1). What are the prime factors of 1/(-4) + 616/u?
19
What are the prime factors of (-11)/(55/10) + (-151)/(-1)?
149
Let j be -3 + 6 + -2 - -3. Suppose 0 = 2*h - 4*h - 2*d + 18, 3*h - j*d = -8. List the prime factors of h.
2
Let o = -19 + 7. Let u be -1 - (o/2 - -2). Suppose d - 23 = u*b, 0*b + 39 = 3*d - 3*b. What are the prime factors of d?
2
Let m(x) be the first derivative of x**3/3 + x**2 - x + 1. What are the prime factors of m(2)?
7
Suppose 0 = -3*m - m - 4. List the prime factors of m/4 - 68/(-16).
2
Let i(x) = -15*x - 35. What are the prime factors of i(-3)?
2, 5
Let g = -65 + 101. List the prime factors of g.
2, 3
Let s(j) be the second derivative of 9/2*j**2 + 2*j + 0 + 1/6*j**3. List the prime factors of s(8).
17
List the prime factors of (-20)/(-25) + -1 - 776/(-5).
5, 31
Let f be 2/4*-1*8. Let o = f + 7. Suppose -5 = b - 2*g - 22, -o*g - 3 = b. List the prime factors of b.
3
Let f(h) = -h**3 - 4*h**2 + 3*h + 6. Let g(y) = y**2 + 6*y + 3. Let t be g(-4). List the prime factors of f(t).
2
Suppose -3*j - 3 = 3*m, 0 = -0*j - 4*j - 2*m + 6. Let n(g) = 2*g - 4. List the prime factors of n(j).
2
Let a(k) = -k**2 - 22*k - 9. Let m be a(-11). Let v = m + -75. List the prime factors of v.
37
Let z = -81 + 113. Let n = -46 - -96. Let h = n - z. What are the prime factors of h?
2, 3
Let n be (-48)/(-36)*6/4. Suppose -p = 2*s + s - 91, 3*s - n*p - 97 = 0. What are the prime factors of s?
31
Suppose 2*d - 49 + 305 = -4*w, 5*d = 5*w + 320. What are the prime factors of 4/(-14) - w/28?
2
Suppose -x = g - 31, -4*g + 4 = -3*x - 106. List the prime factors of g.
29
Let a(x) = -4*x - 1. Let w be a(-1). Let q be (-1 - (-1 - -3)) + w. Suppose -2*l + 12 + 2 = q. What are the prime factors of l?
7
Let i be 2/((-1)/(-2) + 0). Suppose -3*z + p = -2*z - 9, -i*p = z - 24. What are the prime factors of z?
2, 3
Let g = 21 + -8. Suppose 2*o = -3*h + g, 2 - 5 = 3*o. What are the prime factors of h?
5
Suppose 1 + 4 = m. Suppose -5*f = -m*v + 65, -3*v + 27 = -f - 20. List the prime factors of v.
17
Let o = -12 - -15. What are the prime factors of o?
3
Suppose -3*c + 8 = 3*i - i, -5*c = -i - 35. Suppose -3*l - c = -5*l. What are the prime factors of l?
3
Let q(h) = -h**3 + 4*h**2 + 1. Let d be q(3). Suppose 5*w = 3*w + d. Let n(y) = y**2 - 6*y + 7. List the prime factors of n(w).
2
Let j(b) = -25*b - 4. What are the prime factors of j(-3)?
71
Let n(l) = -l**3 - 2*l**2 + l + 1. Let m be n(-3). List the prime factors of 173/m - 12/(-42).
5
List the prime factors of (-2 + (-22)/4)*(-672)/30.
2, 3, 7
Let p(u) = -u**2 - 8*u - 3. Let g = -2 + 2. Suppose 2*c + g = -2*q - 8, -5*q = -c + 38. List the prime factors of p(q).
2
Suppose 0 = 3*v - 5 - 13. List the prime factors of v.
2, 3
Let a(w) = 3*w**3 - 9*w**2 - 15*w - 4. Let v(m) = -m**3 + m + 1. Let k(d) = a(d) + 4*v(d). List the prime factors of k(-8).
2, 3
Suppose 2*o - 8 = -4*c, 3*c + c = o - 16. List the prime factors of o*1 - (-2 + 1).
3
Let n be (-6)/(-27) - (-194)/18. Let r = n - 6. List the prime factors of r.
5
Let x = 237 + -164. List the prime factors of x.
73
Let i(o) = 2*o. Suppose r = v, 4*r + 4*v - 6 = 18. What are the prime factors of i(r)?
2, 3
Suppose 6*u - 107 = -4*f + 5*u, -3*u + 41 = 2*f. Let v = f - 6. What are the prime factors of v?
2, 11
Let i = 15 + -8. Let n = 3 - i. Let p = n - -8. List the prime factors of p.
2
Let j(c) = c**2 + 7*c - 4. Let s be j(-8). Let m = -10 + s. Let d(r) = r**2 + 6*r + 6. List the prime factors of d(m).
2, 3
Let k(l) = 2*l**2 + 5*l - 5. Let a be 2/(6/(-9)) - 3. List the prime factors of k(a).
37
Let j(x) be the second derivative of -x**3/2 - 5*x**2/2 - 3*x. List the prime factors of j(-4).
7
List the prime factors of (-4)/(-10) - (-2232)/45.
2, 5
Let o = -16 + 29. Let q = o + 0. List the prime factors of q.
13
Suppose -3*q + 54 = -5*u - 45, 2*u + 4*q + 24 = 0. Suppose 0*v + 129 = 5*v - z, 2*v - 2*z - 58 = 0. Let o = v + u. What are the prime factors of o?
7
Let r = -3 + 7. Suppose 0 = -0*v - 4*v + r. List the prime factors of (-3)/((1/(-2))/v).
2, 3
Let w be ((-1)/(-3))/(3/18). Suppose -w*k + k = -37. Let d = 56 - k. What are the prime factors of d?
19
Let m(o) = o - 10. Let x be m(8). Let q be 0 - -28 - (-1 - x). Suppose -2*c = 0, 4*c + q = 3*d - c. What are the prime factors of d?
3
List the prime factors of (-4240)/(-56) + (-4)/(-14).
2, 19
Let q = -87 - -149. What are the prime factors of q?
2, 31
Suppose 2*q = 5*q - 9. Suppose 2*o - f - 4 = 0, -2*o + 5*f = -q*o + 13. Suppose -o*k = 4*p, -p + 22 = p - 4*k. List the prime factors of p.
3
Suppose 2*m = 4*m - 6. Let d = 5 - m. What are the prime factors of d?
2
Let v(p) = p**3 + 8*p**2 - 2*p - 13. Let r be v(-7). Let c = r + -22. What are the prime factors of c?
2, 7
Suppose -4*x + 5*x = -4*n - 8, -n = 2*x - 5. Let a = 8 + n. Suppose 4*m - 16 = 4*l + 20, -l + 63 = a*m. List the prime factors of m.
2, 3
Let z(w) = -w - 3. Let h be z(-5). Suppose -5*x + 44 = 3*r, -2*r - h*x - x = -28. What are the prime factors of r?
2
Let u be 8 + (-6)/2 + 1. Let s(q) be the third derivative of q**6/120 - 7*q**5/60 + q**4/4 + 5*q**3/6 - q**2. What are the prime factors of s(u)?
5
Suppose 5*i + 3*z - 22 = 6*z, -2*i + 4*z = -6. Suppose n + 0*y - 3*y = 23, i*n - 3*y = 91. What are the prime factors of n?
17
Suppose -2*o - 3*o = -140. Suppose -3*z + o = z. List the prime factors of z.
7
Let j(t) be the first derivative of 4*t + 1/2*t**2 + 2 + 1/3*t**3. What are the prime factors of j(0)?
2
Suppose 3*i + 6 = -5*g, 2*i + 5*g = 3*g. Let y be (i/(-2))/((-18)/(-24)). What are the prime factors of 5*(y/(-5) - -2)?
2, 3
Let z(j) = -j**2 - 8*j - 7. Suppose 5*x = 4*x - 6. List the prime factors of z(x).
5
Let r(f) be the third derivative of f**8/10080 - f**7/1680 - f**5/30 - 2*f**2. Let z(s) be the third derivative of r(s). What are the prime factors of z(2)?
2
Suppose 5*y = -0*y + 50. List the prime factors of y.
2, 5
Let p = -7 + 25. List the prime factors of p.
2, 3
Suppose -57 - 23 = -4*u. Suppose j + 4*p = u, 5*p - 26 = 3*j - 69. List the prime factors of j.
2
What are the prime factors of ((-126)/8)/((-15)/320)?
2, 3, 7
Let o be 40/12*(-6)/(-2). List the prime factors of (-72)/(-2)*o/15.
2, 3
What are the prime factors of 2040/(-105)*(-7)/2?
2, 17
Let l = 24 + 51. What are the prime factors of (-2)/(-4) - l/(-2)?
2, 19
Suppose -1 = -l - 0. Let f be (-10)/25*(l + -121). Suppose 3*x - f - 3 = 0. List the prime factors of x.
17
Let j(s) = 27*s - 3. Let v be j(-5). Let l = -98 - v. List the prime factors of l.
2, 5
Let m(q) = -q**2 + 6*q + 1. Let t be m(-4). List the prime factors of (-1)/4 - t/12.
3
Let b(m) = m**3 + 8*m**2 + 9*m + 6. Let v be b(-7). Let r(x) = x**3 + 7*x**2 - 10*x - 2. List the prime factors of r(v).
2, 7
Let z = -17 + 33. What are the prime factors of z?
2
Suppose 0 = -0*y + 7*y - 35. Suppose 4*w + 2*